the remainder when 163482 is divided by 61?
2
Calculate the remainder when 583 is divided by 45.
43
Calculate the remainder when 20727 is divided by 98.
49
Calculate the remainder when 12147 is divided by 5971.
205
Calculate the remainder when 1068 is divided by 209.
23
What is the remainder when 705 is divided by 692?
13
What is the remainder when 93838 is divided by 136?
134
Calculate the remainder when 4331 is divided by 399.
341
Calculate the remainder when 24922 is divided by 782.
680
What is the remainder when 324280 is divided by 386?
40
What is the remainder when 12866 is divided by 36?
14
Calculate the remainder when 367385 is divided by 33.
29
What is the remainder when 9771 is divided by 816?
795
What is the remainder when 124114 is divided by 10342?
10
What is the remainder when 8392 is divided by 1198?
6
Calculate the remainder when 70146 is divided by 639.
495
Calculate the remainder when 18451 is divided by 4566.
187
Calculate the remainder when 4684 is divided by 160.
44
What is the remainder when 97458 is divided by 833?
830
Calculate the remainder when 1153 is divided by 199.
158
What is the remainder when 82158 is divided by 158?
156
Calculate the remainder when 16895 is divided by 632.
463
Calculate the remainder when 50524 is divided by 25262.
0
Calculate the remainder when 4155 is divided by 41.
14
Calculate the remainder when 2239 is divided by 220.
39
Calculate the remainder when 48705 is divided by 24339.
27
Calculate the remainder when 19069 is divided by 6328.
85
What is the remainder when 36674 is divided by 12222?
8
What is the remainder when 2598 is divided by 417?
96
Calculate the remainder when 20476 is divided by 19.
13
Calculate the remainder when 11221 is divided by 21.
7
Calculate the remainder when 1797 is divided by 378.
285
What is the remainder when 5176 is divided by 288?
280
What is the remainder when 4007 is divided by 48?
23
Calculate the remainder when 236039 is divided by 15.
14
What is the remainder when 17909 is divided by 28?
17
What is the remainder when 2520 is divided by 16?
8
What is the remainder when 330771 is divided by 18?
3
Calculate the remainder when 225384 is divided by 225374.
10
Calculate the remainder when 1601 is divided by 1111.
490
Calculate the remainder when 233732 is divided by 33390.
2
Calculate the remainder when 8992 is divided by 1496.
16
Calculate the remainder when 61037 is divided by 20344.
5
What is the remainder when 236524 is divided by 172?
24
Calculate the remainder when 41646 is divided by 382.
8
Calculate the remainder when 120474 is divided by 19.
14
Calculate the remainder when 1750 is divided by 842.
66
Calculate the remainder when 141023 is divided by 9400.
23
Calculate the remainder when 26057 is divided by 13016.
25
Calculate the remainder when 2639 is divided by 804.
227
Calculate the remainder when 1448910 is divided by 987.
981
What is the remainder when 202579 is divided by 9?
7
What is the remainder when 16060 is divided by 33?
22
What is the remainder when 75661 is divided by 185?
181
What is the remainder when 10703 is divided by 407?
121
Calculate the remainder when 16684 is divided by 13.
5
Calculate the remainder when 148743 is divided by 896.
7
What is the remainder when 11815 is divided by 23?
16
Calculate the remainder when 189854 is divided by 1695.
14
Calculate the remainder when 649 is divided by 640.
9
Calculate the remainder when 1196 is divided by 592.
12
Calculate the remainder when 10152 is divided by 10139.
13
What is the remainder when 17381 is divided by 5512?
845
What is the remainder when 182144 is divided by 1612?
1600
What is the remainder when 694 is divided by 12?
10
What is the remainder when 239066 is divided by 78?
74
Calculate the remainder when 112395 is divided by 37457.
24
Calculate the remainder when 2702 is divided by 160.
142
What is the remainder when 50134 is divided by 50110?
24
Calculate the remainder when 5873 is divided by 5863.
10
Calculate the remainder when 791 is divided by 335.
121
Calculate the remainder when 284779 is divided by 491.
490
Calculate the remainder when 16639 is divided by 5529.
52
What is the remainder when 10259906 is divided by 30?
26
Calculate the remainder when 6126 is divided by 16.
14
What is the remainder when 268 is divided by 68?
64
Calculate the remainder when 7468 is divided by 54.
16
What is the remainder when 49508 is divided by 12376?
4
Calculate the remainder when 122744 is divided by 671.
622
Calculate the remainder when 9585 is divided by 1195.
25
What is the remainder when 26403 is divided by 58?
13
Calculate the remainder when 50537 is divided by 356.
341
Calculate the remainder when 25711 is divided by 398.
239
What is the remainder when 167590 is divided by 738?
64
Calculate the remainder when 118690 is divided by 189.
187
Calculate the remainder when 22363 is divided by 28.
19
What is the remainder when 12261 is divided by 613?
1
Calculate the remainder when 136181 is divided by 10475.
6
Calculate the remainder when 15086 is divided by 796.
758
What is the remainder when 36172 is divided by 723?
22
Calculate the remainder when 8067 is divided by 1590.
117
What is the remainder when 179772 is divided by 424?
420
Calculate the remainder when 7290 is divided by 908.
26
What is the remainder when 438 is divided by 159?
120
Calculate the remainder when 1025 is divided by 101.
15
Calculate the remainder when 29947 is divided by 2.
1
What is the remainder when 1906 is divided by 126?
16
What is the remainder when 13183 is divided by 206?
205
What is the remainder when 21333 is divided by 1777?
9
Calculate the remainder when 3409 is divided by 113.
19
What is the remainder when 81502 is divided by 32?
30
Calculate the remainder when 88688 is divided by 61.
55
Calculate the remainder when 134027 is divided by 40.
27
Calculate the remainder when 494334 is divided by 385.
379
What is the remainder when 3831 is divided by 8?
7
What is the remainder when 420 is divided by 45?
15
Calculate the remainder when 15655 is divided by 191.
184
What is the remainder when 52779 is divided by 114?
111
What is the remainder when 464 is divided by 30?
14
What is the remainder when 16233 is divided by 55?
8
Calculate the remainder when 5085 is divided by 51.
36
What is the remainder when 18180 is divided by 18138?
42
What is the remainder when 266909 is divided by 35?
34
Calculate the remainder when 1540 is divided by 84.
28
Calculate the remainder when 70048 is divided by 315.
118
What is the remainder when 40337 is divided by 107?
105
Calculate the remainder when 167029 is divided by 41754.
13
Calculate the remainder when 4785 is divided by 111.
12
Calculate the remainder when 1220 is divided by 119.
30
Calculate the remainder when 7596 is divided by 29.
27
What is the remainder when 5740 is divided by 2367?
1006
What is the remainder when 45851 is divided by 15281?
8
Calculate the remainder when 242694 is divided by 40443.
36
What is the remainder when 7926 is divided by 2092?
1650
What is the remainder when 25713 is divided by 158?
117
What is the remainder when 20636 is divided by 104?
44
What is the remainder when 1277062 is divided by 14?
10
What is the remainder when 3916 is divided by 394?
370
What is the remainder when 264270 is divided by 609?
573
What is the remainder when 149774 is divided by 106?
102
Calculate the remainder when 523 is divided by 108.
91
What is the remainder when 533 is divided by 397?
136
What is the remainder when 43951 is divided by 15?
1
What is the remainder when 100759 is divided by 88?
87
Calculate the remainder when 108248 is divided by 1164.
1160
Calculate the remainder when 6247 is divided by 5991.
256
What is the remainder when 1665314 is divided by 59?
39
What is the remainder when 86003 is divided by 104?
99
Calculate the remainder when 11491 is divided by 177.
163
Calculate the remainder when 77250 is divided by 67.
66
Calculate the remainder when 10016758 is divided by 40.
38
What is the remainder when 905 is divided by 705?
200
Calculate the remainder when 7423 is divided by 323.
317
What is the remainder when 22443 is divided by 173?
126
Calculate the remainder when 13506 is divided by 6746.
14
Calculate the remainder when 19354 is divided b